7c81
Convert -1067344 (base 10) to base 5.
-233123334
What is -115702 (base 9) in base 6?
-1255132
3a384 (base 12) to base 10
80020
-24474 (base 9) to base 5
-1011204
Convert -220312013 (base 4) to base 14.
-44d83
Convert baa6 (base 13) to base 5.
1312433
62b4ab (base 13) to base 7
25430204
Convert 11001111011001110101 (base 2) to base 10.
849525
Convert 2012122000 (base 3) to base 10.
43470
-11742653 (base 8) to base 3
-11220102110022
What is 4a3886 (base 13) in base 11?
1005513
210346 (base 8) to base 13
25a50
What is -26662642 (base 7) in base 13?
-685bb5
What is 1bda (base 15) in base 2?
1011110100111
Convert 516134 (base 7) to base 15.
1b398
-71006 (base 8) to base 3
-1111001010
Convert 2020111211002 (base 3) to base 7.
13060313
What is 31011331020 (base 4) in base 13?
932334
What is 3bab6 (base 12) in base 14?
2225c
4450542 (base 6) to base 16
36c9e
What is -123fae (base 16) in base 3?
-2020202112110
ab8c8 (base 13) to base 5
34430133
What is -24a649 (base 13) in base 7?
-10323143
What is 316794 (base 10) in base 14?
83642
Convert -29368 (base 12) to base 2.
-1110000011000000
340340 (base 6) to base 7
146340
What is 110010200102212 (base 3) in base 4?
120212221313
Convert -11012220201 (base 3) to base 7.
-464053
560a26 (base 12) to base 11
856377
What is -101205 (base 6) in base 16?
-1f85
-111925 (base 11) to base 10
-178139
-50316757 (base 8) to base 12
-366957b
-221111021020 (base 3) to base 7
-4156551
What is -1310414 (base 7) in base 8?
-515266
What is -104030112 (base 5) in base 4?
-1233011320
226577 (base 8) to base 16
12d7f
-2859c (base 15) to base 16
-1f9f2
What is 60147 (base 13) in base 11?
107a15
2302c2 (base 16) to base 9
4276366
Convert -21335145 (base 6) to base 2.
-10011011000000001001
What is 11121130 (base 5) in base 6?
2035014
What is 9c45fe (base 16) in base 7?
153023462
Convert 130203205 (base 6) to base 12.
a23505
Convert 100315041 (base 6) to base 9.
3178257
What is 3a5245 (base 12) in base 15?
140442
53445042 (base 6) to base 15
212412
1020022122220021 (base 3) to base 7
303342004
What is -9283a (base 16) in base 4?
-2102200322
Convert 1867d4 (base 14) to base 4.
3102233012
Convert 2975a71 (base 13) to base 14.
1a7b56d
189a2 (base 11) to base 5
1321430
Convert -20211120000 (base 3) to base 16.
-20d8d
What is -2584941 (base 12) in base 9?
-14813484
Convert 189dd (base 16) to base 15.
1ed1e
What is -3783c (base 13) in base 10?
-102465
What is -29381 (base 12) in base 8?
-160321
What is -423450301 (base 6) in base 10?
-7455997
-2100121 (base 3) to base 9
-2317
What is -10102210021210 (base 3) in base 7?
-21344436
Convert -64a48 (base 16) to base 10.
-412232
Convert 591dd (base 14) to base 12.
a5813
Convert 21220002120211 (base 3) to base 14.
7b27b6
Convert 13275307 (base 9) to base 11.
3770573
What is -5370483 (base 9) in base 11?
-1698329
What is -149766 (base 15) in base 16?
-f2a81
Convert 709304 (base 12) to base 8.
6551164
What is 24438 (base 13) in base 6?
1232253
Convert -807aa (base 16) to base 2.
-10000000011110101010
What is 635589 (base 10) in base 16?
9b2c5
What is 1108cd (base 15) in base 9?
1466754
145558 (base 10) to base 15
2d1dd
What is -aadb (base 15) in base 3?
-1211122222
Convert 222300322330 (base 4) to base 16.
ab0ebc
-a536453 (base 11) to base 13
-3b03c38
158734 (base 11) to base 8
740034
Convert -319960a (base 11) to base 7.
-65525322
Convert -22140462 (base 9) to base 5.
-10220330433
What is 841a84 (base 12) in base 11?
1199422
Convert -2222210110220 (base 3) to base 16.
-184419
What is -1432121434 (base 5) in base 2?
-1110011100010010001101
5133013 (base 7) to base 16
95bae
Convert 10808674 (base 10) to base 11.
6112798
1102011 (base 7) to base 5
13311100
-52235b (base 12) to base 4
-10322311313
What is 503155 (base 8) in base 9?
272002
What is 2499 (base 12) in base 4?
1000311
-5843135 (base 9) to base 6
-151405005
-267251 (base 9) to base 8
-475727
What is 33333315 (base 6) in base 2?
11110110000010001111
-bc5c6 (base 15) to base 10
-598686
Convert -20012021111 (base 3) to base 13.
-43675
-1013627 (base 8) to base 15
-546dd
What is 100000021011210 (base 3) in base 13?
cb8572
-14404a (base 13) to base 7
-4126235
-2542116 (base 8) to base 16
-ac44e
456704 (base 12) to base 8
4170564
Convert 151309 (base 10) to base 12.
73691
-15053339 (base 10) to base 5
-12323201324
What is -5488a (base 11) in base 9?
-131158
What is -10101130212 (base 4) in base 16?
-111726
1c8e8 (base 16) to base 3
12221110011
What is -3532564 (base 7) in base 3?
-211121122111
What is -7a81 (base 14) in base 16?
-5321
Convert -805160 (base 9) to base 11.
-2a5834
1303313022 (base 4) to base 9
802880
What is 536950 (base 11) in base 3?
1121121101012
Convert 14d4a (base 16) to base 12.
41462
-1210221221220 (base 3) to base 13
-279855
Convert 122041011 (base 6) to base 2.
1000111010110110011111
What is -15c134b (base 14) in base 13?
-22a073b
What is -572154 (base 9) in base 7?
-2625205
4911a (base 11) to base 14
1ba8d
What is 3401747 (base 8) in base 5?
213343003
Convert 2501751 (base 9) to base 6.
45045501
What is 112001322 (base 4) in base 11?
61881
What is -245716 (base 9) in base 4?
-210101121
-6ca830 (base 14) to base 3
-20222211202011
Convert -114453 (base 9) to base 15.
-15633
-40422 (base 6) to base 8
-12336
-15e98 (base 16) to base 7
-522445
Convert -1121011221 (base 4) to base 11.
-22a182
c22a7d (base 14) to base 11
3766340
-1512236 (base 11) to base 10
-2594400
Convert 110010110101001011 (base 2) to base 9.
346536
Convert -130221214 (base 5) to base 12.
-266178
Convert 140662535 (base 7) to base 15.
c13888
8d37 (base 15) to base 11
20582
101001022100112 (base 3) to base 15
707422
Convert -5503654 (base 7) to base 6.
-22234414
-2330012 (base 5) to base 7
-234633
What is 5b5589 (base 12) in base 9?
2707476
What is 437431 (base 8) in base 16?
23f19
12210020211 (base 3) to base 15
23b3d
What is -73657 (base 13) in base 8?
-625364
2ab7c8 (base 14) to base 4
11230021110
-716a (base 15) to base 7
-126553
What is -14174 (base 16) in base 3?
-11011212212
What is 4124232 (base 5) in base 6?
1240122
What is -165036566 (base 7) in base 9?
-23237872
-507a1 (base 13) to base 9
-238622
What is -18172563 (base 9) in base 7?
-140462202
Convert -90380 (base 16) to base 14.
-1153c4
Convert -13037360 (base 8) to base 2.
-1011000011111011110000
-2313420 (base 6) to base 16
-1cfd4
Convert -2078a6 (base 14) to base 9.
-2051181
271704 (base 8) to base 2
10111001111000100
Convert b4b90 (base 12) to base 13.
83979
Convert 32b281 (base 16) to base 13.
8c4399
Convert -118981 (base 10) to base 13.
-42205
What is 69474 (base 11) in base 3?
12002201011
10011100101111110111010 (base 2) to base 3
100122221200212
Convert -1301453 (base 6) to base 4.
-101023221
332215 (base 8) to base 11
76a68
What is 10517403 (base 8) in base 6?
120344151
Convert -1101001000110010111 (base 2) to base 10.
-430487
Convert -6e591 (base 15) to base 8.
-1260005
What is 9056c (base 13) in base 10?
257984
-11634 (base 10) to base 4
-2311302
1172c (base 13) to base 11
22032
What is 10325032 (base 6) in base 14?
7dc16
Convert 11111100010010 (base 2) to base 15.
4bb6
What is -22322131 (base 4) in base 7?
-244216
3226129 (base 10) to base 6
153051441
3445699 (base 10) to base 14
659a15
2e6c84 (base 16) to base 14
592a8c
What is 17a71 (base 12) in base 2?
1000011000110101
What is 1002121 (base 11) in base 15?
250b12
What is 111100101101101100100 (base 2) in base 12?
7bb398
What is -2344a (base 12) in base 11?
-32591
What is 2c2e16 (base 15) in base 2?
1000001001100001101011
Convert -1aa961 (base 12) to base 16.
-73ed9
What is 45455533 (base 6) in base 3?
2121201022110
Convert -103145052 (base 7) to base 11.
-3518572
What is -203442 (base 9) in base 11?
-8270a
Convert aa8655 (base 11) to base 10.
1768354
Convert -7cfb8a (base 16) to base 13.
-190a280
What is -23230011 (base 4) in base 7?
-256404
-7a5753 (base 12) to base 11
-1118824
What is 100244062 (base 7) in base 8?
26122433
-112721 (base 8) to base 3
-1221121111
Convert -410388 (base 10) to base 11.
-260370
-21430354 (base 8) to base 4
-101203003230
Convert 126050614 (base 7) to base 16.
7c0e2b
What is -574ca (base 13) in base 15?
-321bb
-628496 (base 11) to base 8
-3656351
Convert -131020130 (base 4) to base 3.
-200012